{"id":464,"date":"2024-11-11T14:07:40","date_gmt":"2024-11-11T14:07:40","guid":{"rendered":"https:\/\/hausmartina-ehrwald.at\/?page_id=464"},"modified":"2024-11-27T14:40:15","modified_gmt":"2024-11-27T14:40:15","slug":"elementor-464","status":"publish","type":"page","link":"https:\/\/hausmartina-ehrwald.at\/?page_id=464","title":{"rendered":"Was Sie \u00fcber uns wissen sollten&#8230;"},"content":{"rendered":"\t\t<div data-elementor-type=\"wp-page\" data-elementor-id=\"464\" class=\"elementor elementor-464\">\n\t\t\t\t<div class=\"elementor-element elementor-element-0fb5bff e-con-full e-flex e-con e-parent\" data-id=\"0fb5bff\" data-element_type=\"container\" data-e-type=\"container\" data-settings=\"{&quot;background_background&quot;:&quot;classic&quot;}\">\n\t\t<div class=\"elementor-element elementor-element-1257188 e-con-full e-flex e-con e-child\" data-id=\"1257188\" data-element_type=\"container\" data-e-type=\"container\">\n\t\t\t\t<div class=\"elementor-element elementor-element-80d9b08 elementor-widget elementor-widget-heading\" data-id=\"80d9b08\" data-element_type=\"widget\" data-e-type=\"widget\" data-widget_type=\"heading.default\">\n\t\t\t\t<div class=\"elementor-widget-container\">\n\t\t\t\t\t<h2 class=\"elementor-heading-title elementor-size-default\">Lage und Umgebung<\/h2>\t\t\t\t<\/div>\n\t\t\t\t<\/div>\n\t\t\t\t<div class=\"elementor-element elementor-element-cf34acf elementor-widget elementor-widget-text-editor\" data-id=\"cf34acf\" data-element_type=\"widget\" data-e-type=\"widget\" data-widget_type=\"text-editor.default\">\n\t\t\t\t<div class=\"elementor-widget-container\">\n\t\t\t\t\t\t\t\t\t<p>Unser Haus liegt idyllisch am ruhigen Moosrand in Ehrwald und bietet einen herrlichen Ausblick auf die umliegende Bergwelt, darunter die majest\u00e4tische Zugspitze und das charmante Lermoos.<\/p><p>Direkt vor dem Haus steht f\u00fcr jedes Apartment ein kostenloser Parkplatz zur Verf\u00fcgung \u2013 praktisch und komfortabel f\u00fcr unsere G\u00e4ste. Nur 200 Meter entfernt befindet sich die n\u00e4chste Bushaltestelle, von der aus Sie kostenlos zu den wichtigsten Zielen der Region gelangen k\u00f6nnen: die Ehrwalder Alm, der Sonnenhang, die Zugspitze, sowie die Orte Lermoos und Biberwier. Ob Wintersport im Schnee oder Wanderungen und Kletterabenteuer im Sommer \u2013 alles ist schnell und bequem erreichbar.<\/p><p>Das Zentrum von Ehrwald mit seinen Gesch\u00e4ften, Caf\u00e9s und Restaurants erreichen Sie in etwa 10 Minuten zu Fu\u00df, ebenso wie den Spar-Supermarkt, der alles f\u00fcr Ihren t\u00e4glichen Bedarf bietet.<\/p><p>Unsere Lage vereint Ruhe und Bequemlichkeit \u2013 ideal, um die Sch\u00f6nheit der Tiroler Alpen in vollen Z\u00fcgen zu genie\u00dfen!<\/p>\t\t\t\t\t\t\t\t<\/div>\n\t\t\t\t<\/div>\n\t\t\t\t<\/div>\n\t\t<div class=\"elementor-element elementor-element-8d8c856 e-con-full e-flex e-con e-child\" data-id=\"8d8c856\" data-element_type=\"container\" data-e-type=\"container\">\n\t\t\t\t<div class=\"elementor-element elementor-element-58cf9af elementor-widget elementor-widget-image\" data-id=\"58cf9af\" data-element_type=\"widget\" data-e-type=\"widget\" data-widget_type=\"image.default\">\n\t\t\t\t<div class=\"elementor-widget-container\">\n\t\t\t\t\t\t\t\t\t\t\t\t\t\t\t<img fetchpriority=\"high\" decoding=\"async\" width=\"768\" height=\"1024\" src=\"https:\/\/hausmartina-ehrwald.at\/wp-content\/uploads\/2024\/11\/seebensee-768x1024.webp\" class=\"attachment-large size-large wp-image-1111\" alt=\"\" srcset=\"https:\/\/hausmartina-ehrwald.at\/wp-content\/uploads\/2024\/11\/seebensee-768x1024.webp 768w, https:\/\/hausmartina-ehrwald.at\/wp-content\/uploads\/2024\/11\/seebensee-scaled-600x800.webp 600w, https:\/\/hausmartina-ehrwald.at\/wp-content\/uploads\/2024\/11\/seebensee-225x300.webp 225w, https:\/\/hausmartina-ehrwald.at\/wp-content\/uploads\/2024\/11\/seebensee-1152x1536.webp 1152w, https:\/\/hausmartina-ehrwald.at\/wp-content\/uploads\/2024\/11\/seebensee-scaled.webp 1440w, https:\/\/hausmartina-ehrwald.at\/wp-content\/uploads\/2024\/11\/seebensee-9x12.webp 9w\" sizes=\"(max-width: 768px) 100vw, 768px\" \/>\t\t\t\t\t\t\t\t\t\t\t\t\t\t\t<\/div>\n\t\t\t\t<\/div>\n\t\t\t\t<\/div>\n\t\t\t\t<\/div>\n\t\t<div class=\"elementor-element elementor-element-5084b314 e-con-full e-flex e-con e-parent\" data-id=\"5084b314\" data-element_type=\"container\" data-e-type=\"container\" data-settings=\"{&quot;background_background&quot;:&quot;classic&quot;}\">\n\t\t<div class=\"elementor-element elementor-element-640baf27 e-con-full e-flex e-con e-child\" data-id=\"640baf27\" data-element_type=\"container\" data-e-type=\"container\">\n\t\t\t\t<div class=\"elementor-element elementor-element-20971beb elementor-widget elementor-widget-heading\" data-id=\"20971beb\" data-element_type=\"widget\" data-e-type=\"widget\" data-widget_type=\"heading.default\">\n\t\t\t\t<div class=\"elementor-widget-container\">\n\t\t\t\t\t<h2 class=\"elementor-heading-title elementor-size-default\"><a href=\"https:\/\/hausmartina-ehrwald.at\/?page_id=476\">Die Apartments<\/a><\/h2>\t\t\t\t<\/div>\n\t\t\t\t<\/div>\n\t\t\t\t<div class=\"elementor-element elementor-element-d47aa99 elementor-widget elementor-widget-text-editor\" data-id=\"d47aa99\" data-element_type=\"widget\" data-e-type=\"widget\" data-widget_type=\"text-editor.default\">\n\t\t\t\t<div class=\"elementor-widget-container\">\n\t\t\t\t\t\t\t\t\t<p>Wir bieten sieben komfortable Apartments, die Platz f\u00fcr Paare, Familien oder Gruppen bieten. Jedes Apartment ist liebevoll eingerichtet und verf\u00fcgt \u00fcber alle Annehmlichkeiten, die Sie f\u00fcr einen entspannten Aufenthalt ben\u00f6tigen. Sie genie\u00dfen entweder den Ausblick auf die Zugspitze oder das idyllische Lermoos.<\/p>\t\t\t\t\t\t\t\t<\/div>\n\t\t\t\t<\/div>\n\t\t\t\t<\/div>\n\t\t<div class=\"elementor-element elementor-element-7266b82 e-con-full e-flex e-con e-child\" data-id=\"7266b82\" data-element_type=\"container\" data-e-type=\"container\">\n\t\t\t\t<div class=\"elementor-element elementor-element-660ea552 elementor-widget elementor-widget-image\" data-id=\"660ea552\" data-element_type=\"widget\" data-e-type=\"widget\" data-widget_type=\"image.default\">\n\t\t\t\t<div class=\"elementor-widget-container\">\n\t\t\t\t\t\t\t\t\t\t\t\t\t\t\t\t<a href=\"https:\/\/hausmartina-ehrwald.at\/?page_id=476\">\n\t\t\t\t\t\t\t<img decoding=\"async\" src=\"https:\/\/hausmartina-ehrwald.at\/wp-content\/uploads\/2024\/11\/IMG_3626-scaled.jpeg\" title=\"\" alt=\"\" loading=\"lazy\" \/>\t\t\t\t\t\t\t\t<\/a>\n\t\t\t\t\t\t\t\t\t\t\t\t\t\t\t<\/div>\n\t\t\t\t<\/div>\n\t\t\t\t<\/div>\n\t\t\t\t<\/div>\n\t\t<div class=\"elementor-element elementor-element-d8cab86 e-con-full e-flex e-con e-parent\" data-id=\"d8cab86\" data-element_type=\"container\" data-e-type=\"container\" data-settings=\"{&quot;background_background&quot;:&quot;classic&quot;}\">\n\t\t<div class=\"elementor-element elementor-element-79e4ced e-con-full e-flex e-con e-child\" data-id=\"79e4ced\" data-element_type=\"container\" data-e-type=\"container\">\n\t\t\t\t<div class=\"elementor-element elementor-element-50e47f5 elementor-widget elementor-widget-heading\" data-id=\"50e47f5\" data-element_type=\"widget\" data-e-type=\"widget\" data-widget_type=\"heading.default\">\n\t\t\t\t<div class=\"elementor-widget-container\">\n\t\t\t\t\t<h2 class=\"elementor-heading-title elementor-size-default\">Unsere Geschichte<\/h2>\t\t\t\t<\/div>\n\t\t\t\t<\/div>\n\t\t\t\t<div class=\"elementor-element elementor-element-3818854 elementor-widget elementor-widget-text-editor\" data-id=\"3818854\" data-element_type=\"widget\" data-e-type=\"widget\" data-widget_type=\"text-editor.default\">\n\t\t\t\t<div class=\"elementor-widget-container\">\n\t\t\t\t\t\t\t\t\t<p>Das Haus Martina wurde \u00fcber viele Jahre hinweg mit gro\u00dfer Liebe von unserem Vater gef\u00fchrt. 2023 haben wir es \u00fcbernommen und f\u00fchren es nun in seinem Sinne weiter, mit der gleichen Hingabe und Herzlichkeit. Unsere Familie ist stolz darauf, G\u00e4sten ein Zuhause in den Tiroler Alpen zu bieten.<\/p>\t\t\t\t\t\t\t\t<\/div>\n\t\t\t\t<\/div>\n\t\t\t\t<\/div>\n\t\t<div class=\"elementor-element elementor-element-cbc09ee e-con-full e-flex e-con e-child\" data-id=\"cbc09ee\" data-element_type=\"container\" data-e-type=\"container\">\n\t\t\t\t<div class=\"elementor-element elementor-element-3a3a3f5 elementor-widget elementor-widget-image\" data-id=\"3a3a3f5\" data-element_type=\"widget\" data-e-type=\"widget\" data-widget_type=\"image.default\">\n\t\t\t\t<div class=\"elementor-widget-container\">\n\t\t\t\t\t\t\t\t\t\t\t\t\t\t\t<img decoding=\"async\" width=\"1024\" height=\"576\" src=\"https:\/\/hausmartina-ehrwald.at\/wp-content\/uploads\/2024\/11\/michihermann-1024x576.webp\" class=\"attachment-large size-large wp-image-1113\" alt=\"\" srcset=\"https:\/\/hausmartina-ehrwald.at\/wp-content\/uploads\/2024\/11\/michihermann-1024x576.webp 1024w, https:\/\/hausmartina-ehrwald.at\/wp-content\/uploads\/2024\/11\/michihermann-scaled-600x338.webp 600w, https:\/\/hausmartina-ehrwald.at\/wp-content\/uploads\/2024\/11\/michihermann-300x169.webp 300w, https:\/\/hausmartina-ehrwald.at\/wp-content\/uploads\/2024\/11\/michihermann-768x432.webp 768w, https:\/\/hausmartina-ehrwald.at\/wp-content\/uploads\/2024\/11\/michihermann-1536x864.webp 1536w, https:\/\/hausmartina-ehrwald.at\/wp-content\/uploads\/2024\/11\/michihermann-scaled.webp 1920w, https:\/\/hausmartina-ehrwald.at\/wp-content\/uploads\/2024\/11\/michihermann-18x10.webp 18w, https:\/\/hausmartina-ehrwald.at\/wp-content\/uploads\/2024\/11\/michihermann-800x450.webp 800w\" sizes=\"(max-width: 1024px) 100vw, 1024px\" \/>\t\t\t\t\t\t\t\t\t\t\t\t\t\t\t<\/div>\n\t\t\t\t<\/div>\n\t\t\t\t<\/div>\n\t\t\t\t<\/div>\n\t\t<div class=\"elementor-element elementor-element-fbb1c97 e-con-full e-flex e-con e-parent\" data-id=\"fbb1c97\" data-element_type=\"container\" data-e-type=\"container\" data-settings=\"{&quot;background_background&quot;:&quot;classic&quot;}\">\n\t\t<div class=\"elementor-element elementor-element-ee05efb e-con-full e-flex e-con e-child\" data-id=\"ee05efb\" data-element_type=\"container\" data-e-type=\"container\">\n\t\t\t\t<div class=\"elementor-element elementor-element-9d26f8d elementor-widget elementor-widget-heading\" data-id=\"9d26f8d\" data-element_type=\"widget\" data-e-type=\"widget\" data-widget_type=\"heading.default\">\n\t\t\t\t<div class=\"elementor-widget-container\">\n\t\t\t\t\t<h2 class=\"elementor-heading-title elementor-size-default\">Aktivit\u00e4ten in Ehrwald<\/h2>\t\t\t\t<\/div>\n\t\t\t\t<\/div>\n\t\t\t\t<div class=\"elementor-element elementor-element-1b12de8 elementor-widget elementor-widget-text-editor\" data-id=\"1b12de8\" data-element_type=\"widget\" data-e-type=\"widget\" data-widget_type=\"text-editor.default\">\n\t\t\t\t<div class=\"elementor-widget-container\">\n\t\t\t\t\t\t\t\t\t<p>Ehrwald ist ein idealer Ausgangspunkt f\u00fcr zahlreiche Aktivit\u00e4ten. Im Winter locken die Skigebiete mit perfekt pr\u00e4parierten Pisten und Loipen. Im Sommer laden Wanderwege, Mountainbikestrecken und Kletterrouten dazu ein, die Natur hautnah zu erleben.<\/p>\t\t\t\t\t\t\t\t<\/div>\n\t\t\t\t<\/div>\n\t\t\t\t<\/div>\n\t\t<div class=\"elementor-element elementor-element-0bb5ee5 e-con-full e-flex e-con e-child\" data-id=\"0bb5ee5\" data-element_type=\"container\" data-e-type=\"container\">\n\t\t\t\t<div class=\"elementor-element elementor-element-77de6dd elementor-widget elementor-widget-image\" data-id=\"77de6dd\" data-element_type=\"widget\" data-e-type=\"widget\" data-widget_type=\"image.default\">\n\t\t\t\t<div class=\"elementor-widget-container\">\n\t\t\t\t\t\t\t\t\t\t\t\t\t\t\t<img decoding=\"async\" width=\"1024\" height=\"768\" src=\"https:\/\/hausmartina-ehrwald.at\/wp-content\/uploads\/2024\/11\/panoramaweg-1024x768.webp\" class=\"attachment-large size-large wp-image-1116\" alt=\"\" srcset=\"https:\/\/hausmartina-ehrwald.at\/wp-content\/uploads\/2024\/11\/panoramaweg-1024x768.webp 1024w, https:\/\/hausmartina-ehrwald.at\/wp-content\/uploads\/2024\/11\/panoramaweg-scaled-600x450.webp 600w, https:\/\/hausmartina-ehrwald.at\/wp-content\/uploads\/2024\/11\/panoramaweg-300x225.webp 300w, https:\/\/hausmartina-ehrwald.at\/wp-content\/uploads\/2024\/11\/panoramaweg-768x576.webp 768w, https:\/\/hausmartina-ehrwald.at\/wp-content\/uploads\/2024\/11\/panoramaweg-1536x1152.webp 1536w, https:\/\/hausmartina-ehrwald.at\/wp-content\/uploads\/2024\/11\/panoramaweg-scaled.webp 1920w, https:\/\/hausmartina-ehrwald.at\/wp-content\/uploads\/2024\/11\/panoramaweg-16x12.webp 16w\" sizes=\"(max-width: 1024px) 100vw, 1024px\" \/>\t\t\t\t\t\t\t\t\t\t\t\t\t\t\t<\/div>\n\t\t\t\t<\/div>\n\t\t\t\t<\/div>\n\t\t\t\t<\/div>\n\t\t<div class=\"elementor-element elementor-element-4326513 e-con-full e-flex e-con e-parent\" data-id=\"4326513\" data-element_type=\"container\" data-e-type=\"container\" data-settings=\"{&quot;background_background&quot;:&quot;classic&quot;}\">\n\t\t<div class=\"elementor-element elementor-element-1a7c100 e-con-full e-flex e-con e-child\" data-id=\"1a7c100\" data-element_type=\"container\" data-e-type=\"container\">\n\t\t\t\t<div class=\"elementor-element elementor-element-7da184f elementor-widget elementor-widget-heading\" data-id=\"7da184f\" data-element_type=\"widget\" data-e-type=\"widget\" data-widget_type=\"heading.default\">\n\t\t\t\t<div class=\"elementor-widget-container\">\n\t\t\t\t\t<h2 class=\"elementor-heading-title elementor-size-default\">Herzlich Willkommen!<\/h2>\t\t\t\t<\/div>\n\t\t\t\t<\/div>\n\t\t\t\t<div class=\"elementor-element elementor-element-f9bd359 elementor-widget elementor-widget-text-editor\" data-id=\"f9bd359\" data-element_type=\"widget\" data-e-type=\"widget\" data-widget_type=\"text-editor.default\">\n\t\t\t\t<div class=\"elementor-widget-container\">\n\t\t\t\t\t\t\t\t\t<p>Wir freuen uns darauf, Sie im Haus Martina willkommen zu hei\u00dfen und Ihnen unvergessliche Urlaubstage zu erm\u00f6glichen. Bei Fragen oder besonderen W\u00fcnschen stehen wir Ihnen jederzeit zur Verf\u00fcgung.<\/p>\t\t\t\t\t\t\t\t<\/div>\n\t\t\t\t<\/div>\n\t\t\t\t<\/div>\n\t\t<div class=\"elementor-element elementor-element-fe6b0bb e-con-full e-flex e-con e-child\" data-id=\"fe6b0bb\" data-element_type=\"container\" data-e-type=\"container\">\n\t\t\t\t<div class=\"elementor-element elementor-element-9858e67 elementor-widget elementor-widget-image\" data-id=\"9858e67\" data-element_type=\"widget\" data-e-type=\"widget\" data-widget_type=\"image.default\">\n\t\t\t\t<div class=\"elementor-widget-container\">\n\t\t\t\t\t\t\t\t\t\t\t\t\t\t\t<img loading=\"lazy\" decoding=\"async\" width=\"1024\" height=\"768\" src=\"https:\/\/hausmartina-ehrwald.at\/wp-content\/uploads\/2024\/11\/maria-1024x768.webp\" class=\"attachment-large size-large wp-image-984\" alt=\"\" srcset=\"https:\/\/hausmartina-ehrwald.at\/wp-content\/uploads\/2024\/11\/maria-1024x768.webp 1024w, https:\/\/hausmartina-ehrwald.at\/wp-content\/uploads\/2024\/11\/maria-scaled-600x450.webp 600w, https:\/\/hausmartina-ehrwald.at\/wp-content\/uploads\/2024\/11\/maria-300x225.webp 300w, https:\/\/hausmartina-ehrwald.at\/wp-content\/uploads\/2024\/11\/maria-768x576.webp 768w, https:\/\/hausmartina-ehrwald.at\/wp-content\/uploads\/2024\/11\/maria-1536x1152.webp 1536w, https:\/\/hausmartina-ehrwald.at\/wp-content\/uploads\/2024\/11\/maria-scaled.webp 1920w, https:\/\/hausmartina-ehrwald.at\/wp-content\/uploads\/2024\/11\/maria-16x12.webp 16w\" sizes=\"(max-width: 1024px) 100vw, 1024px\" \/>\t\t\t\t\t\t\t\t\t\t\t\t\t\t\t<\/div>\n\t\t\t\t<\/div>\n\t\t\t\t<\/div>\n\t\t\t\t<\/div>\n\t\t\t\t<\/div>\n\t\t","protected":false},"excerpt":{"rendered":"<p>Lage und Umgebung Unser Haus liegt idyllisch am ruhigen Moosrand in Ehrwald und bietet einen herrlichen Ausblick auf die umliegende Bergwelt, darunter die majest\u00e4tische Zugspitze und das charmante Lermoos. Direkt vor dem Haus steht f\u00fcr jedes Apartment ein kostenloser Parkplatz zur Verf\u00fcgung \u2013 praktisch und komfortabel f\u00fcr unsere G\u00e4ste. Nur 200 Meter entfernt befindet sich [&hellip;]<\/p>\n","protected":false},"author":1,"featured_media":0,"parent":0,"menu_order":0,"comment_status":"closed","ping_status":"closed","template":"","meta":{"_eb_attr":"","ocean_post_layout":"","ocean_both_sidebars_style":"","ocean_both_sidebars_content_width":0,"ocean_both_sidebars_sidebars_width":0,"ocean_sidebar":"","ocean_second_sidebar":"","ocean_disable_margins":"enable","ocean_add_body_class":"","ocean_shortcode_before_top_bar":"","ocean_shortcode_after_top_bar":"","ocean_shortcode_before_header":"","ocean_shortcode_after_header":"","ocean_has_shortcode":"","ocean_shortcode_after_title":"","ocean_shortcode_before_footer_widgets":"","ocean_shortcode_after_footer_widgets":"","ocean_shortcode_before_footer_bottom":"","ocean_shortcode_after_footer_bottom":"","ocean_display_top_bar":"default","ocean_display_header":"default","ocean_header_style":"","ocean_center_header_left_menu":"","ocean_custom_header_template":"","ocean_custom_logo":0,"ocean_custom_retina_logo":0,"ocean_custom_logo_max_width":0,"ocean_custom_logo_tablet_max_width":0,"ocean_custom_logo_mobile_max_width":0,"ocean_custom_logo_max_height":0,"ocean_custom_logo_tablet_max_height":0,"ocean_custom_logo_mobile_max_height":0,"ocean_header_custom_menu":"","ocean_menu_typo_font_family":"","ocean_menu_typo_font_subset":"","ocean_menu_typo_font_size":0,"ocean_menu_typo_font_size_tablet":0,"ocean_menu_typo_font_size_mobile":0,"ocean_menu_typo_font_size_unit":"px","ocean_menu_typo_font_weight":"","ocean_menu_typo_font_weight_tablet":"","ocean_menu_typo_font_weight_mobile":"","ocean_menu_typo_transform":"","ocean_menu_typo_transform_tablet":"","ocean_menu_typo_transform_mobile":"","ocean_menu_typo_line_height":0,"ocean_menu_typo_line_height_tablet":0,"ocean_menu_typo_line_height_mobile":0,"ocean_menu_typo_line_height_unit":"","ocean_menu_typo_spacing":0,"ocean_menu_typo_spacing_tablet":0,"ocean_menu_typo_spacing_mobile":0,"ocean_menu_typo_spacing_unit":"","ocean_menu_link_color":"","ocean_menu_link_color_hover":"","ocean_menu_link_color_active":"","ocean_menu_link_background":"","ocean_menu_link_hover_background":"","ocean_menu_link_active_background":"","ocean_menu_social_links_bg":"","ocean_menu_social_hover_links_bg":"","ocean_menu_social_links_color":"","ocean_menu_social_hover_links_color":"","ocean_disable_title":"default","ocean_disable_heading":"default","ocean_post_title":"","ocean_post_subheading":"","ocean_post_title_style":"","ocean_post_title_background_color":"","ocean_post_title_background":0,"ocean_post_title_bg_image_position":"","ocean_post_title_bg_image_attachment":"","ocean_post_title_bg_image_repeat":"","ocean_post_title_bg_image_size":"","ocean_post_title_height":0,"ocean_post_title_bg_overlay":0.5,"ocean_post_title_bg_overlay_color":"","ocean_disable_breadcrumbs":"default","ocean_breadcrumbs_color":"","ocean_breadcrumbs_separator_color":"","ocean_breadcrumbs_links_color":"","ocean_breadcrumbs_links_hover_color":"","ocean_display_footer_widgets":"default","ocean_display_footer_bottom":"default","ocean_custom_footer_template":"","ofc_enable_fullscreen":"disable","ofc_fullscreen_speed":0,"ofc_fullscreen_nav":"enable","ofc_fullscreen_nav_pos":"right","ofc_fullscreen_nav_color":"","ofc_fullscreen_nav_tooltip_color":"","ofc_fullscreen_responsive":0,"osp_disable_panel":"default","osh_disable_topbar_sticky":"default","osh_disable_header_sticky":"default","osh_sticky_header_style":"default","osh_sticky_header_effect":"","osh_custom_sticky_logo":0,"osh_custom_retina_sticky_logo":0,"osh_custom_sticky_logo_height":0,"osh_background_color":"","osh_links_color":"","osh_links_hover_color":"","osh_links_active_color":"","osh_links_bg_color":"","osh_links_hover_bg_color":"","osh_links_active_bg_color":"","osh_menu_social_links_color":"","osh_menu_social_hover_links_color":"","footnotes":""},"class_list":["post-464","page","type-page","status-publish","hentry","entry"],"_links":{"self":[{"href":"https:\/\/hausmartina-ehrwald.at\/index.php?rest_route=\/wp\/v2\/pages\/464","targetHints":{"allow":["GET"]}}],"collection":[{"href":"https:\/\/hausmartina-ehrwald.at\/index.php?rest_route=\/wp\/v2\/pages"}],"about":[{"href":"https:\/\/hausmartina-ehrwald.at\/index.php?rest_route=\/wp\/v2\/types\/page"}],"author":[{"embeddable":true,"href":"https:\/\/hausmartina-ehrwald.at\/index.php?rest_route=\/wp\/v2\/users\/1"}],"replies":[{"embeddable":true,"href":"https:\/\/hausmartina-ehrwald.at\/index.php?rest_route=%2Fwp%2Fv2%2Fcomments&post=464"}],"version-history":[{"count":44,"href":"https:\/\/hausmartina-ehrwald.at\/index.php?rest_route=\/wp\/v2\/pages\/464\/revisions"}],"predecessor-version":[{"id":1247,"href":"https:\/\/hausmartina-ehrwald.at\/index.php?rest_route=\/wp\/v2\/pages\/464\/revisions\/1247"}],"wp:attachment":[{"href":"https:\/\/hausmartina-ehrwald.at\/index.php?rest_route=%2Fwp%2Fv2%2Fmedia&parent=464"}],"curies":[{"name":"wp","href":"https:\/\/api.w.org\/{rel}","templated":true}]}}